0?
45
What is the remainder when 4082 is divided by 688?
642
Calculate the remainder when 15373 is divided by 3069.
28
Calculate the remainder when 16361 is divided by 23.
8
Calculate the remainder when 10394 is divided by 292.
174
Calculate the remainder when 4109 is divided by 374.
369
Calculate the remainder when 1630940 is divided by 403.
402
What is the remainder when 24932 is divided by 567?
551
Calculate the remainder when 1654 is divided by 413.
2
What is the remainder when 1805 is divided by 122?
97
What is the remainder when 34836 is divided by 268?
264
What is the remainder when 1428673 is divided by 15?
13
Calculate the remainder when 9050 is divided by 1099.
258
What is the remainder when 2190 is divided by 1863?
327
Calculate the remainder when 868963 is divided by 49.
46
What is the remainder when 179746 is divided by 12?
10
What is the remainder when 762 is divided by 607?
155
Calculate the remainder when 3923 is divided by 744.
203
Calculate the remainder when 371017 is divided by 64.
9
Calculate the remainder when 26021 is divided by 767.
710
Calculate the remainder when 894 is divided by 117.
75
Calculate the remainder when 1058 is divided by 208.
18
Calculate the remainder when 155215 is divided by 10347.
10
Calculate the remainder when 96719 is divided by 104.
103
Calculate the remainder when 333373 is divided by 333366.
7
Calculate the remainder when 9080 is divided by 63.
8
What is the remainder when 16038 is divided by 8003?
32
What is the remainder when 123688 is divided by 67?
6
Calculate the remainder when 47729 is divided by 43.
42
Calculate the remainder when 3714030 is divided by 94.
90
Calculate the remainder when 88334 is divided by 78.
38
What is the remainder when 34 is divided by 13?
8
Calculate the remainder when 2684 is divided by 429.
110
Calculate the remainder when 18165 is divided by 957.
939
Calculate the remainder when 48013 is divided by 960.
13
What is the remainder when 2034 is divided by 219?
63
What is the remainder when 5783 is divided by 116?
99
What is the remainder when 7066 is divided by 255?
181
Calculate the remainder when 946873 is divided by 29.
23
What is the remainder when 4940 is divided by 13?
0
What is the remainder when 26614 is divided by 26570?
44
Calculate the remainder when 4966 is divided by 2447.
72
What is the remainder when 9512 is divided by 19?
12
Calculate the remainder when 6829 is divided by 99.
97
Calculate the remainder when 1926 is divided by 565.
231
What is the remainder when 147694 is divided by 132?
118
What is the remainder when 1784145 is divided by 170?
165
Calculate the remainder when 44068 is divided by 308.
24
What is the remainder when 3299 is divided by 237?
218
Calculate the remainder when 1061 is divided by 141.
74
What is the remainder when 14403 is divided by 43?
41
What is the remainder when 92479 is divided by 85?
84
What is the remainder when 236642 is divided by 13144?
50
Calculate the remainder when 7904 is divided by 3944.
16
What is the remainder when 4220 is divided by 1134?
818
What is the remainder when 2141 is divided by 226?
107
Calculate the remainder when 21223 is divided by 976.
727
What is the remainder when 9093 is divided by 114?
87
Calculate the remainder when 2860279 is divided by 20.
19
Calculate the remainder when 2057 is divided by 69.
56
Calculate the remainder when 3232 is divided by 21.
19
Calculate the remainder when 52568 is divided by 657.
8
Calculate the remainder when 49431 is divided by 1414.
1355
What is the remainder when 348194 is divided by 837?
2
What is the remainder when 8933 is divided by 4459?
15
Calculate the remainder when 16980 is divided by 386.
382
Calculate the remainder when 126388 is divided by 2006.
10
Calculate the remainder when 3634 is divided by 36.
34
Calculate the remainder when 12476 is divided by 95.
31
Calculate the remainder when 76283 is divided by 221.
38
What is the remainder when 12772 is divided by 225?
172
Calculate the remainder when 59013 is divided by 954.
819
Calculate the remainder when 18773 is divided by 126.
125
What is the remainder when 116319 is divided by 17?
5
Calculate the remainder when 391 is divided by 114.
49
What is the remainder when 68012 is divided by 22645?
77
What is the remainder when 6878 is divided by 3100?
678
Calculate the remainder when 7900 is divided by 246.
28
What is the remainder when 4903 is divided by 542?
25
What is the remainder when 52295 is divided by 122?
79
Calculate the remainder when 146259 is divided by 94.
89
What is the remainder when 17433 is divided by 6?
3
What is the remainder when 4426 is divided by 98?
16
What is the remainder when 76325 is divided by 1363?
1360
What is the remainder when 2082 is divided by 19?
11
What is the remainder when 693709 is divided by 72?
61
Calculate the remainder when 56185 is divided by 14045.
5
What is the remainder when 6776 is divided by 49?
14
What is the remainder when 42031 is divided by 37?
36
Calculate the remainder when 15514 is divided by 681.
532
Calculate the remainder when 661 is divided by 306.
49
What is the remainder when 10767 is divided by 170?
57
What is the remainder when 13662 is divided by 224?
222
Calculate the remainder when 9771 is divided by 315.
6
Calculate the remainder when 36551 is divided by 1015.
11
What is the remainder when 20133 is divided by 10063?
7
What is the remainder when 5457 is divided by 1355?
37
What is the remainder when 1598 is divided by 128?
62
Calculate the remainder when 373683 is divided by 103.
102
What is the remainder when 74142 is divided by 112?
110
What is the remainder when 8106 is divided by 1586?
176
Calculate the remainder when 2253 is divided by 190.
163
Calculate the remainder when 7784 is divided by 1291.
38
Calculate the remainder when 66758 is divided by 7.
6
Calculate the remainder when 618 is divided by 13.
7
What is the remainder when 22890 is divided by 1633?
28
Calculate the remainder when 806 is divided by 702.
104
What is the remainder when 6336 is divided by 3158?
20
Calculate the remainder when 376585 is divided by 727.
726
Calculate the remainder when 9280 is divided by 26.
24
What is the remainder when 7092 is divided by 589?
24
Calculate the remainder when 943 is divided by 232.
15
What is the remainder when 1404809 is divided by 30?
29
What is the remainder when 349151 is divided by 1012?
11
Calculate the remainder when 28222 is divided by 1126.
72
What is the remainder when 78606 is divided by 2807?
10
Calculate the remainder when 51899 is divided by 51875.
24
Calculate the remainder when 64572 is divided by 315.
312
Calculate the remainder when 85627 is divided by 69.
67
What is the remainder when 1045 is divided by 473?
99
What is the remainder when 123590 is divided by 191?
13
What is the remainder when 26787 is divided by 233?
225
Calculate the remainder when 4568 is divided by 51.
29
Calculate the remainder when 24468 is divided by 9.
6
Calculate the remainder when 645 is divided by 48.
21
Calculate the remainder when 5380 is divided by 1343.
8
Calculate the remainder when 4373068 is divided by 390.
388
What is the remainder when 4657 is divided by 224?
177
What is the remainder when 6729 is divided by 1788?
1365
What is the remainder when 12974 is divided by 4?
2
Calculate the remainder when 22679 is divided by 504.
503
Calculate the remainder when 10961 is divided by 15.
11
Calculate the remainder when 482 is divided by 207.
68
What is the remainder when 12196 is divided by 21?
16
Calculate the remainder when 66331 is divided by 8290.
11
Calculate the remainder when 7692 is divided by 115.
102
What is the remainder when 2384 is divided by 395?
14
What is the remainder when 94702 is divided by 241?
230
Calculate the remainder when 27464 is divided by 160.
104
What is the remainder when 104671 is divided by 787?
0
What is the remainder when 20622 is divided by 665?
7
What is the remainder when 13330 is divided by 184?
82
What is the remainder when 6996 is divided by 113?
103
Calculate the remainder when 121313 is divided by 24256.
33
What is the remainder when 254319 is divided by 444?
351
Calculate the remainder when 2873551 is divided by 28.
23
Calculate the remainder when 671638 is divided by 23987.
2
Calculate